?
False
Suppose -11*s + 513550 - 243007 = -917138. Is s prime?
True
Suppose -48*m = -31*m + 34. Is 3/27*6*(-8319)/m composite?
True
Suppose 3*b + 4*y - 127907 = 0, -69*b - 4*y = -70*b + 42657. Is b composite?
False
Suppose -21*r - 60202 - 21085 = -810806. Is r a prime number?
True
Let t(u) = 18545*u - 3463. Is t(94) a composite number?
False
Let p(a) = 22*a**2 - 11*a - 33. Let j be p(-20). Suppose 7*x + 4*x - j = 0. Is x a composite number?
True
Let v(r) = 210*r + 5. Let x = 64 + -55. Let l be (-1*x/(-6))/((-8)/(-16)). Is v(l) prime?
False
Let m = -265 - -267. Suppose -2*f + 38982 = c, 3*f = m*f - 5*c + 19509. Is f composite?
False
Let x = 26428 + 228523. Is x a prime number?
False
Let j = 74 - 83. Let p = j - -13. Suppose 5*d + 436 - 11202 = z, p*d - 2*z - 8614 = 0. Is d a prime number?
True
Let p = -152045 + 310540. Is p composite?
True
Suppose 2*y - 20 = 4*y. Let d be (-27)/21 - -4*(-1)/(-14). Is (-1 + -1)*d*(-775)/y a composite number?
True
Suppose -4*p + 5*m - 89348 = 4807, 5*p - 3*m = -117697. Let b = -11043 - p. Is b prime?
True
Let z(f) = 110*f**2 + 393*f - 226. Is z(93) a composite number?
False
Suppose 37*a + 256*a - 69136462 - 14641907 = 0. Is a a prime number?
False
Let z(u) = -2*u**2 + 13*u + 81. Let b be z(-28). Let v = b - -4054. Is v a prime number?
True
Let i = -91 - -181. Is 32866/8 + (i/24 - 3) prime?
False
Let c(j) = -6208*j + 585. Is c(-29) composite?
False
Let h = -174 - -170. Let o(x) = -25*x**3 - 2*x**2 + x + 13. Is o(h) a prime number?
False
Is (-3356324)/(-28) + (-20)/315*18/(-4) a prime number?
True
Let r(q) = -64*q + 82. Let a(c) = 64*c - 75. Let o(u) = 3*a(u) + 4*r(u). Is o(-10) prime?
True
Is 63/35 + 27123448/40 + -11 composite?
False
Let z = 392 + -374. Suppose 26*u - 44984 = z*u. Is u a prime number?
True
Let g(h) = -2 + 5 + 2*h + 16 + 10. Let t be g(-12). Is 408 + (t/(-15) - 4/6) a composite number?
True
Suppose -2284 + 2248 = -12*y. Let w = 379 + -30. Suppose -4*z + 456 = y*a - 2*a, -3*z + w = -a. Is z a composite number?
True
Suppose 273688 = 21*h + 38845. Is h a prime number?
False
Let r be 5/(7 + -2)*3. Suppose 1400 - 431 = r*x. Suppose 5*u = -5*k + 495 + 30, -3*u - k = -x. Is u a prime number?
True
Let t = -237012 + 355601. Is t a composite number?
False
Let t = 8 + -6. Suppose -z + 18 = -4*f, -t*z + f + 4*f + 21 = 0. Is -1 - 36*(z + -38) a prime number?
True
Let b = 2264843 + -1546221. Is b a composite number?
True
Let o(s) = 99587*s - 455. Is o(2) a prime number?
True
Suppose 0 = 4*u + 4*z - 14896, 0 = 4*u + z - 6673 - 8211. Suppose 0 = -3*n - 3*m + u, 0*n + 2*m = 2*n - 2484. Let g = n + -612. Is g prime?
False
Let m be ((-117)/(-52))/(3/(-8)). Let l(a) = -a**2 - 7*a - 4. Let u be l(m). Is 1/3 - (3432/(-9))/u a prime number?
True
Suppose 9 + 12 = 7*z. Suppose 23 = t - z. Suppose t*y + 3303 = 29*y. Is y prime?
False
Suppose -3 + 3 = 6*a. Suppose 0 = -11*m - a*m + 13794. Suppose -5*c = 5*l - 4560, 2*l + 3271 = 5*c - m. Is c a composite number?
False
Let x = 11353 + -4692. Suppose 7*l = x - 1992. Is l prime?
False
Suppose 392953 + 8132 = q - 4*n, 4*n + 8 = 0. Is q a composite number?
False
Suppose 72210 = -16*y - 13*y. Let v = 229 - y. Is v a prime number?
True
Suppose -21*h = -913941 - 657300. Is h composite?
False
Suppose g = -13*w + 11*w - 1, -5*w = 5*g. Is 1031*((5 - g) + (-18)/6) a composite number?
False
Suppose 0 = 3*k - 15321 - 567. Let r(b) = -5*b**2 - 2*b - 1. Let i be r(-1). Is ((-2)/i)/(8/k) prime?
True
Let k = 3230 - 2877. Is k composite?
False
Suppose -3*s + 1 = -4*s, -19 = -2*t + 5*s. Suppose 0 = t*m - 23229 + 8102. Is m a prime number?
True
Suppose 0 = 2*j - 71 + 61. Let c be (-6)/(10/j) - -2. Is (-306)/(-3)*(-4)/12*c a composite number?
True
Let b(k) = -k**3 + 83*k**2 - 73*k - 352. Is b(37) a prime number?
True
Let i(a) = 21*a - 2. Let h(g) = 20*g + 2. Let u(y) = 20*y + 1. Let r(l) = 2*h(l) - 3*u(l). Let j(b) = -5*i(b) - 6*r(b). Is j(1) a composite number?
False
Let m = -319 - -321. Suppose 4*n - 8783 = -3*w - 0*n, -m*n + 10 = 0. Is w composite?
True
Let i(r) = 0*r**2 + 26 + r**2 - 11*r + r + 0*r. Let b be i(6). Is ((-1)/(-3))/(b/(-6636)*-2) a prime number?
False
Let v(o) = o**3 + 26*o**2 - 22*o - 74. Is v(-23) composite?
True
Suppose -15*c + 16*c = 0. Let f(w) = w**3 + w**2 + w + 7. Let m be f(c). Let l(i) = 22*i**2 - 7*i - 2. Is l(m) composite?
True
Let o(c) = c**3 + 14*c**2 + 12*c - 13. Let y be o(-13). Suppose y = 5*f + 5*r - 60, 2*r - 2 = 3*r. Let p(d) = 17*d - 15. Is p(f) composite?
False
Suppose -19*h - 7344 = 17*h. Is (3774/h)/((-2)/2564) prime?
False
Let j = 26067 - -3422. Is j a composite number?
True
Suppose 35*s - 186648 = 13*s. Let v = s + -2531. Is v a prime number?
True
Is (-121)/(-44)*-1*-115348 a prime number?
False
Suppose 5*q - 36 - 24 = 0. Let l(r) be the first derivative of 67*r**2 - 43*r - 41. Is l(q) composite?
True
Let b be 6/(-14) - (-857004)/84. Suppose -2*h - 4*y = -b, 5*y - 3*y + 15343 = 3*h. Is h a composite number?
True
Let c(z) = -2*z**2 + 58*z - 73. Let s be c(28). Let f(l) = l**3 + 23*l**2 + 17*l - 8. Is f(s) prime?
False
Let d be -1*2 + (-1 - (-2 - 19)). Suppose d*y + 13452 = 22*y. Is 6/(-9) - y/(-9) a prime number?
True
Suppose 6*q - 334397 = q + 4*p, 3*q = -2*p + 200647. Is q a prime number?
False
Let x = 47 - 44. Let g(y) = 5 + 6*y**x + 2 - 145*y + 7*y**2 + 138*y. Is g(7) composite?
True
Let r = -55963 - -337656. Is r a composite number?
True
Suppose 0 = 3*c + 2*c - 20. Let l(z) be the third derivative of 101*z**4/24 - 23*z**3/6 + 454*z**2. Is l(c) a prime number?
False
Let m(l) = 30*l**3 + 7*l**2 - 7*l. Let a be m(-6). Let g = -4718 + 1065. Let r = g - a. Is r prime?
False
Suppose 4*n = 2*n + k + 99429, 4*n + k = 198873. Is n a composite number?
True
Let r be -6938*((-8)/36 - 23/18). Suppose -l + 23561 + r = 5*n, -33964 = -5*n - 3*l. Is n/22 + -4 + (-4)/(-22) a prime number?
False
Let n = 530796 - -503453. Is n prime?
True
Suppose 2*k - 5*j + 7*j - 6 = 0, j = 0. Suppose -n + 4*m + 3765 = 0, -4*m - 7329 - 3958 = -k*n. Is n a prime number?
True
Suppose 5*a = -b + 288055, -a + 3*b = -2*b - 57611. Is a a composite number?
True
Let n = 52154 + -106495. Let m = 77076 + n. Is m composite?
True
Let p(z) = z**2 - 9*z + 3. Let x be p(9). Suppose 2*b + 22 = x*n, -2*n + 9 = -n - b. Suppose -2*t = -3*w + 659, -2*w = w - n*t - 649. Is w a composite number?
False
Is (161033/3)/(1512/(-81) + 19) prime?
True
Let y = -245802 - -454823. Is y a prime number?
True
Suppose 100607 + 509148 = 18*v - 404707. Is v a prime number?
True
Suppose -5*d = 3*b - 23699, -2*b - 5*d + 17152 = 1351. Suppose -b = -3*v + k, -5*k + 5035 - 15562 = -4*v. Is v composite?
False
Let l be 2/(387/384 - 1). Suppose l*s - 250*s - 14478 = 0. Is s composite?
True
Is (0 + 97)*((-508)/10)/((-8)/20) composite?
True
Let f(q) be the third derivative of -181*q**6/120 + q**5/60 + 5*q**4/8 + 3*q**3/2 - 175*q**2. Is f(-4) prime?
True
Let n(l) = -11656*l + 2619. Is n(-17) a composite number?
False
Suppose 48*i - 45*i + 2*s - 45371 = 0, -5*i = -2*s - 75645. Is i a composite number?
True
Let t(m) = -8*m + 66. Let s be t(8). Suppose -5*g - s*a + 11151 = 0, a = 5*g + 139 - 11296. Is g composite?
True
Let d be (-2)/8 + (-282)/24. Let k(o) be the first derivative of o**4/4 + 4*o**3 - 3*o**2 + 2*o + 12. Is k(d) a composite number?
True
Let a(t) = 237*t**2 - 30*t - 64. Let s(f) = 158*f**2 - 19*f - 42. Let g(q) = -5*a(q) + 8*s(q). Is g(-3) composite?
False
Let a be (4662/185)/(2/(-10)). Let q = a + 131. Is 3 + q/10*4196 a prime number?
False
Let h(x) = 92*x**3 - x**2. Let w be h(1). Let l = -91 + w. Suppose 2*c - 5*c + 3201 = l. Is c a composite number?
True
Let w be ((-662)/4)/((-6)/(-24) - 0). Let u = w - -1183. Is u a prime number?
True
Suppose -3*o + 230733 = -19*i + 13*i, 0 = -3*i - 6. Is o composite?
False
Let i(h) be the second derivative of 11*h**5/4 - 3*h**4/4 + 3*h**3 + 13*h**2/2 - 221*h. Is i(6) prime?
True
Let u = -43 + 77. Let y(t) = u + 18*t + 2*t**2 + t**2 - 13 + 0*t**2. Is y(-12) composite?
True
Suppose v = 24*i - 21*i - 100, -i = -v - 30. Is (3 + i/(-5) - -3)*-17569 a composite number?
False
Suppose d - 15284 = 11969. Is d composite?
False
Suppose g + 6 = n, -24 = -4*n - 9*g + 4*g. Let q = -1312 - -1317. Suppose q*s + 3*a - 3236 = 0, -s - 3251 = -n*s + 2*a. Is s prime?
False
Suppose -o + 10*o = -54. 